{"id":40,"date":"2022-11-28T21:07:49","date_gmt":"2022-11-28T18:07:49","guid":{"rendered":"https:\/\/www.rearmuhendislik.com\/?page_id=40"},"modified":"2022-11-28T21:07:49","modified_gmt":"2022-11-28T18:07:49","slug":"kurumsal","status":"publish","type":"page","link":"https:\/\/www.rearmuhendislik.com\/index.php\/kurumsal\/","title":{"rendered":"Kurumsal"},"content":{"rendered":"\n<p>Hayatlar\u0131m\u0131z\u0131n vazge\u00e7ilmez par\u00e7as\u0131 elektri\u011fin do\u011fru bir \u015fekilde kullan\u0131labilmesi i\u00e7in m\u00fchendislik bilimine ihtiya\u00e7 vard\u0131r. Bizler\u00a0<strong>Rear M\u00fchendislik<\/strong>\u00a0olarak elektrik sistemlerinin her ad\u0131m\u0131nda titiz i\u015f\u00e7ilik g\u00f6stererek kusursuz sistemlere sahip olman\u0131z\u0131 sa\u011fl\u0131yoruz.<\/p>\n\n\n\n<p>Proje bazl\u0131 ilerleyen \u00e7al\u0131\u015fmalarda her ad\u0131m\u0131 ince ince yerine getirmenin yan\u0131 s\u0131ra topraklama \u00f6l\u00e7\u00fcm hizmeti, elektrik proje hizmeti,\u00a0 m\u00fc\u015favirlik gibi alanlarda da m\u00fc\u015fterilerimize kaliteli ve g\u00fcvenilir hizmet sunuyoruz.<\/p>\n\n\n\n<div class=\"wp-block-group is-vertical is-layout-flex wp-container-core-group-is-layout-8cf370e7 wp-block-group-is-layout-flex\">\n<p>Misyonumuz<\/p>\n\n\n\n<p>\u00c7al\u0131\u015fmalar\u0131m\u0131zla \u00fclkemize ve t\u00fcm d\u00fcnyaya de\u011fer katmak, istihdam oranlar\u0131na katk\u0131 sa\u011flamak ve \u00e7al\u0131\u015farak b\u00fcy\u00fcmek hedefimiz. G\u00fcn ge\u00e7tik\u00e7e b\u00fcy\u00fcyen profesyonel ekibimiz ve tamamlanan projelerimiz ile bu yolda h\u0131z kesmeden ilerliyoruz.<\/p>\n\n\n\n<div class=\"wp-block-group is-vertical is-layout-flex wp-container-core-group-is-layout-8cf370e7 wp-block-group-is-layout-flex\">\n<p>Vizyonumuz<\/p>\n\n\n\n<p>Ama\u00e7lar\u0131m\u0131z\u0131 ger\u00e7ekle\u015ftirirken kendimize k\u00fclt olarak belirledi\u011fimiz i\u015f ahlak\u0131 ve de\u011ferlerden asla vazge\u00e7meden Rear m\u00fchendislik tecr\u00fcbesini bir d\u00fcnya markas\u0131 haline getirmek istiyoruz. Zay\u0131f ak\u0131m, al\u00e7ak gerilim ve orta gerilim sekt\u00f6rleri ile ger\u00e7ekle\u015ftirmi\u015f oldu\u011fumuz \u00e7al\u0131\u015fmalar ile yurt i\u00e7i ve yurtd\u0131\u015f\u0131 pazarlar\u0131nda ad\u0131m\u0131zdan inovatif,\u00a0 yenilik\u00e7i ve profesyonel marka kimli\u011fi ile s\u00f6z ettirmek hedeflerimizin ger\u00e7ekle\u015fmesi ile elde edece\u011fimiz ba\u015far\u0131 k\u00fcnyesi olacakt\u0131r.<\/p>\n<\/div>\n<\/div>\n","protected":false},"excerpt":{"rendered":"<p>Hayatlar\u0131m\u0131z\u0131n vazge\u00e7ilmez par\u00e7as\u0131 elektri\u011fin do\u011fru bir \u015fekilde kullan\u0131labilmesi i\u00e7in m\u00fchendislik bilimine ihtiya\u00e7 vard\u0131r. Bizler\u00a0Rear M\u00fchendislik\u00a0olarak elektrik sistemlerinin her ad\u0131m\u0131nda titiz i\u015f\u00e7ilik g\u00f6stererek kusursuz sistemlere sahip olman\u0131z\u0131 sa\u011fl\u0131yoruz. Proje bazl\u0131 ilerleyen \u00e7al\u0131\u015fmalarda her ad\u0131m\u0131 ince ince yerine getirmenin yan\u0131 s\u0131ra topraklama \u00f6l\u00e7\u00fcm hizmeti, elektrik proje hizmeti,\u00a0 m\u00fc\u015favirlik gibi alanlarda da m\u00fc\u015fterilerimize kaliteli ve g\u00fcvenilir hizmet sunuyoruz. [&hellip;]<\/p>\n","protected":false},"author":2,"featured_media":0,"parent":0,"menu_order":0,"comment_status":"closed","ping_status":"closed","template":"","meta":{"footnotes":""},"class_list":["post-40","page","type-page","status-publish","hentry"],"_links":{"self":[{"href":"https:\/\/www.rearmuhendislik.com\/index.php\/wp-json\/wp\/v2\/pages\/40","targetHints":{"allow":["GET"]}}],"collection":[{"href":"https:\/\/www.rearmuhendislik.com\/index.php\/wp-json\/wp\/v2\/pages"}],"about":[{"href":"https:\/\/www.rearmuhendislik.com\/index.php\/wp-json\/wp\/v2\/types\/page"}],"author":[{"embeddable":true,"href":"https:\/\/www.rearmuhendislik.com\/index.php\/wp-json\/wp\/v2\/users\/2"}],"replies":[{"embeddable":true,"href":"https:\/\/www.rearmuhendislik.com\/index.php\/wp-json\/wp\/v2\/comments?post=40"}],"version-history":[{"count":1,"href":"https:\/\/www.rearmuhendislik.com\/index.php\/wp-json\/wp\/v2\/pages\/40\/revisions"}],"predecessor-version":[{"id":41,"href":"https:\/\/www.rearmuhendislik.com\/index.php\/wp-json\/wp\/v2\/pages\/40\/revisions\/41"}],"wp:attachment":[{"href":"https:\/\/www.rearmuhendislik.com\/index.php\/wp-json\/wp\/v2\/media?parent=40"}],"curies":[{"name":"wp","href":"https:\/\/api.w.org\/{rel}","templated":true}]}}